 divided by i(t).
9
Suppose 30*g + 68100 = 90*g. What is the remainder when g is divided by 4?
3
Suppose 0 = 4*c + 20, 2*t - t + 3*c - 23 = 0. Let u = t - 37. Let m(g) = 12*g**3 + g**2 + g - 3. What is the remainder when 27 is divided by m(u)?
5
Suppose -1182 = -23*b + 1509. Calculate the remainder when 1/(1/b) + -2 + 0 is divided by 17.
13
Suppose -3*r + 84*b + 439 = 88*b, -5*b = -r + 121. Suppose 11 + r = 8*u. What is the remainder when 55 is divided by u?
17
Suppose 12*l + 4*l = 7*l + 1566. Suppose -68 = -2*v - 2*q, -48 = -2*v + 6*q - 3*q. Calculate the remainder when l is divided by v.
24
Let w(b) = 24*b - 24. Let q(g) = -2*g + 2. Let d(u) = 6*q(u) + 2*w(u). What is the remainder when d(5) is divided by 45?
9
Let z = 76 - 62. Suppose -3*c = 0, 36 = 5*w - 4*c - z. Let n(g) = 6*g - 7. Calculate the remainder when n(7) is divided by w.
5
Suppose 2*p = -4*s - s + 1850, 4*s + 4526 = 5*p. What is the remainder when p is divided by 184?
174
Let g = 2851 + -2703. What is the remainder when 631 is divided by g?
39
Let m(d) = -d**3 + 6*d**2 - 45*d + 209. What is the remainder when 780 is divided by m(5)?
6
Let w = 3 + 19. Suppose 4*g - 49 = 3*h, 6*h - g + 64 = 3*h. Calculate the remainder when w is divided by h + 31 - -1*1.
4
Suppose -30*d - 348 = -33*d. Suppose p = -2*z + d, -p + 210 = 3*z + 36. What is the remainder when 173 is divided by z?
57
Suppose -4*t - 3*n - 426 = -6*t, -3*t + n = -625. Let g = t - 158. What is the remainder when g is divided by 17?
15
Suppose 5*n - 5 = -5*u, 3*n = -2*u + 4*n - 4. Let p be (-69)/(-3) - 2 - u*1. Suppose -114 = 19*h - p*h. What is the remainder when 187 is divided by h?
35
Let k(p) = p**2 + 5*p + 8. Let i be k(-4). Suppose i*b - 150 = -438. Let c = b - -122. Calculate the remainder when c is divided by 13.
11
Suppose -4 + 62 = 10*l + 2*n, 0 = -5*l + 2*n + 17. What is the remainder when 486 is divided by l?
1
Let w = 176 + -188. Let c = 25 - w. Suppose -511 = -5*t + 219. What is the remainder when t is divided by c?
35
Let y be (1/2 - 1) + (-162)/12. Let q(c) = c**3 + 13*c**2 - 24*c - 22. Calculate the remainder when q(y) is divided by 19.
4
Suppose n - 24 = -2*c, 3*n - 22 = 4*c - 60. Calculate the remainder when 198 is divided by c.
0
Let g(s) = 11*s - 5. Let t be g(-2). Let h = t - -71. Suppose -6*i + 4 = -h. What is the remainder when i is divided by 3?
2
Suppose -i - 150 = 5*s + 449, 0 = 3*i - 4*s + 1816. Let h = -522 - i. Calculate the remainder when h is divided by 26.
4
Let z = 26 + -38. Let h be 2/(-11) - -91*(-48)/176. Let b = z - h. What is the remainder when 42 is divided by b?
3
Let k(a) = -13*a + 620. Calculate the remainder when k(-13) is divided by 99.
96
Let u(g) = -49*g - 72. Let p be u(-11). Calculate the remainder when p - (0 - -1)*(11 - 11) is divided by 18.
17
Suppose -12*k + 8330 = 290. Suppose -2 = y - k. Calculate the remainder when y is divided by 48.
44
Let d = -7 + 24. Suppose -2517 = 9*r + 3216. Let g = r + 667. Calculate the remainder when g is divided by d.
13
Let v(h) = h**3 + 5*h**2 - 10*h + 4. Let g be v(-7). What is the remainder when (-6)/g*22*28 is divided by 72?
10
Suppose -2*f = 4*z - 230, 10*z = 5*f + 9*z - 630. What is the remainder when 252 is divided by f?
2
Let y(c) = -c**2 + 5*c + 18. Let z be y(7). Suppose 41 = -z*k - 5*f + 1, 0 = -3*k - f - 41. What is the remainder when 24 is divided by (-204)/k - 14/(-35)?
10
Let v(s) = -49*s - 411. Let t(l) = -l**3 - 2*l**2 - 7*l - 13. What is the remainder when t(-4) is divided by v(-9)?
17
Suppose -7*u - 14878 = -1683. Calculate the remainder when 298 is divided by 2/(-15) + (-3)/(225/u).
23
Let l = 783 + -629. Suppose -5*w = -c + 40, 4*c + 5*w - 81 = l. Calculate the remainder when 105 is divided by c.
50
Suppose 0 = 2*u + 4*p - 60, 0 = 5*u + 4*p - 2*p - 110. Calculate the remainder when (1/1*(-205)/(-45))/((-1)/(-9)) is divided by u.
1
Let d be 2*(-1 + -267) - 4. Calculate the remainder when 107 is divided by 7 - (d/140 + 2/(-14)).
8
Suppose -65*r - 19184 = -214*r - 27*r. What is the remainder when 404 is divided by r?
77
Let j(c) = -5*c**3 + 4*c**3 + c**3 + 83*c + 2*c**3 - 42*c**2 - c**3 - 49. Calculate the remainder when j(40) is divided by 3.
2
Suppose 41*n = 5*n + 1224. Suppose 5*d - 10*d + 35 = 0. What is the remainder when n is divided by d?
6
Suppose 5*t - 5 = 5. Suppose -t*z + z = -3*j + 7, 0 = 5*z - 2*j - 4. Suppose -85 = -3*r - z*r. Calculate the remainder when 47 is divided by r.
13
Let h = -129 + 153. Let j(z) = -z**3 + 3*z**2 + 145. What is the remainder when j(6) is divided by h?
13
Suppose 35 = 3*z + 44. Calculate the remainder when 17 is divided by z/(2/((-11)/(22/12))).
8
Let u(q) = -3*q**2 + 14*q + 30. Let m(w) = 2*w - 3. Let c be m(4). Let n = 10 - c. What is the remainder when u(6) is divided by n?
1
Let x be (-288)/(-224)*14/6. Suppose 20*s = x*s + 1326. Calculate the remainder when s is divided by 46.
32
Suppose -94 = -2*k - u + 33, 25 = 5*u. What is the remainder when k is divided by 31?
30
Let t(y) = -7*y**3 + 3*y**2 + y. Let k(s) = 4*s**2 - 31*s + 9. What is the remainder when t(-2) is divided by k(8)?
15
Let b be -5 - (1 - -114) - (1 - 7). What is the remainder when 214 is divided by -6*((-1)/2)/((-19)/b)?
16
Let t = 8405 - 6977. What is the remainder when t is divided by 110?
108
Let k = -123 + -121. Let j = 250 + k. What is the remainder when 107 is divided by j?
5
Let k(o) = -o**3 - 14*o**2 - 13*o - 17. Let g be k(-13). Let d be (g - -23) + -6 + 1. Calculate the remainder when 65/d - (-12)/(-3) is divided by 18.
7
Let o = -3550 + 3566. Suppose -2*g = -g - 6. What is the remainder when o is divided by g?
4
Let t(s) = 232*s - 1980. What is the remainder when 117 is divided by t(9)?
9
Let d(q) = -13*q + 498. Let j = 59 + -38. Calculate the remainder when j is divided by d(38).
1
Suppose 7*o = -13*o - 2120. Let i = -80 - o. What is the remainder when i is divided by 15?
11
Let a(l) = l**3 + 21*l**2 - 150*l + 190. What is the remainder when 3558 is divided by a(-26)?
8
Suppose -4*s = -8*t + 9*t - 111, 4*s = -3*t + 109. Let h(q) = q**2 - 26*q - 40. Calculate the remainder when 110 is divided by h(s).
14
Suppose 3*l - u - 54 = -6*u, l + 6*u - 5 = 0. Calculate the remainder when 229 is divided by l.
22
Calculate the remainder when 222/(-5)*(11 - 108/8) is divided by 19.
16
Suppose -1004 + 5484 = 35*s. Suppose -537 = 5*z + 2*j, 3*z - 2*j = -284 - 51. Let g = z + s. Calculate the remainder when 70 is divided by g.
13
Suppose 0 = -2*b + b + 2. Let l be (74/(-1))/(4*b/(-8)). What is the remainder when 146 is divided by (-33)/22*(l/(-3) + 0)?
35
Let k(a) = 147*a - 2875. Calculate the remainder when 2321 is divided by k(21).
201
Let v(s) = 5*s - 34. Let q be v(11). Suppose -q = x + 23. Let o = -28 - x. What is the remainder when 93 is divided by o?
13
Let x be (-3)/(-9)*-13*-1*21. Let d = 103 - x. Calculate the remainder when d is divided by 11.
1
Let g(j) = -121*j - 842. Calculate the remainder when 109 is divided by g(-7).
4
Let p = -26095 + 36749. What is the remainder when p is divided by 48?
46
Let r be ((-60)/25)/(4/30*-3). Let h be (-2)/(-4) + 9/r. Suppose -s + h*s = -3*j + 87, -3*j - 4*s = -87. What is the remainder when j is divided by 11?
7
Let a(r) = r**3 + r**2 - 2*r + 1. Let q be a(1). Let n = 32706 - 32660. Calculate the remainder when n is divided by (q + -19)/((-12)/8).
10
Calculate the remainder when 1300 is divided by 8/14 + 13 + (-230)/(-161).
10
Let i(s) = -109*s + 1481. What is the remainder when i(11) is divided by 24?
18
Let m(q) = 74*q**2 - 1. Let p(b) be the second derivative of b**4/3 - 5*b**3/3 - 5*b**2/2 + 3*b - 9. Calculate the remainder when m(-1) is divided by p(4).
16
Let p = 601 - -79. Suppose 8 = 16*b - p. Calculate the remainder when b is divided by 24.
19
Suppose 39*s - 392 = 3898. Calculate the remainder when 620 is divided by s.
70
Let r(s) = 18*s - 96. Let z be r(4). What is the remainder when (-9)/(-6) - 3/(z/332) is divided by 7?
1
Let a = 493 - 436. Suppose t + o - 74 = -2*t, 5*o = -2*t + 71. What is the remainder when a is divided by t?
11
Let p = -10632 + 10700. Calculate the remainder when 318 is divided by p.
46
Suppose 7*c + 5*g - 175 = 4*c, 57 = c + 3*g. What is the remainder when 6*5/(c/352) is divided by 30?
26
Let q be 3604/159*(-15)/2. Let n = -87 - q. W